{"id":43,"date":"2020-01-27T12:23:36","date_gmt":"2020-01-27T12:23:36","guid":{"rendered":"https:\/\/dogan-otomotiv.com\/?page_id=43"},"modified":"2023-02-04T11:10:49","modified_gmt":"2023-02-04T11:10:49","slug":"iletisim","status":"publish","type":"page","link":"https:\/\/www.dogan-otomotiv.com\/index.php\/iletisim\/","title":{"rendered":"\u0130leti\u015fim"},"content":{"rendered":"<div class=\"wpb-content-wrapper\"><p>[vc_row full_width=&#8221;stretch_row_content_no_spaces&#8221;][vc_column][vc_gmaps link=&#8221;#E-8_JTNDaWZyYW1lJTIwc3JjJTNEJTIyaHR0cHMlM0ElMkYlMkZ3d3cuZ29vZ2xlLmNvbSUyRm1hcHMlMkZlbWJlZCUzRnBiJTNEJTIxMW0xOCUyMTFtMTIlMjExbTMlMjExZDMwNTYuNjMwNzk2MzM3ODEyJTIxMmQzMi43MzgxOTg3MTUzODMxMyUyMTNkMzkuOTk0MzU1Mzc5NDE2MzglMjEybTMlMjExZjAlMjEyZjAlMjEzZjAlMjEzbTIlMjExaTEwMjQlMjEyaTc2OCUyMTRmMTMuMSUyMTNtMyUyMTFtMiUyMTFzMHgwJTI1M0EweDY0MGRiNTJiMjUzNTZkMzMlMjEyc0RvJTI1QzQlMjU5RmFuJTI1MjBPdG9tb3RpdiUyMTVlMCUyMTNtMiUyMTFzdHIlMjEyc3RyJTIxNHYxNTgwMjEwMjQ0MjI5JTIxNW0yJTIxMXN0ciUyMTJzdHIlMjIlMjB3aWR0aCUzRCUyMjYwMCUyMiUyMGhlaWdodCUzRCUyMjUxNCUyMiUyMGZyYW1lYm9yZGVyJTNEJTIyMCUyMiUyMHN0eWxlJTNEJTIyYm9yZGVyJTNBMCUzQiUyMiUyMGFsbG93ZnVsbHNjcmVlbiUzRCUyMiUyMiUzRSUzQyUyRmlmcmFtZSUzRQ==&#8221;][\/vc_column][\/vc_row][vc_row][vc_column width=&#8221;2\/3&#8243;][vc_column_text]<\/p>\n<h2 class=\"contact-page-title\">Her zaman bize ula\u015fabilirsiniz<\/h2>\n<p>Formu doldurarak bizden detayl\u0131 bilgi isteyebilirsiniz. \u0130yi g\u00fcnler dileriz.[\/vc_column_text]<p class=\"wpcf7-contact-form-not-found\"><strong>Hata:<\/strong> \u0130leti\u015fim formu bulunamad\u0131.<\/p>[\/vc_column][vc_column width=&#8221;1\/3&#8243;][vc_column_text]<\/p>\n<h2 class=\"contact-page-title\">\u0130\u015f adresimiz<\/h2>\n<address>\u0130vedik Organize Sanayi,1471.Sokak 91\/A Ostim<\/address>\n<address>06378 <strong>Yenimahalle\/ Ankara<\/strong><\/address>\n<h3>\u00c7al\u0131\u015fma Saatlerimiz<\/h3>\n<ul class=\"list-unstyled operation-hours inner-right-md\">\n<li class=\"clearfix\"><span class=\"day\">Pazartesi :08:30- 18:30<\/span><\/li>\n<li class=\"clearfix\"><span class=\"day\">Sal\u0131:08:30- 18:30<\/span><\/li>\n<li class=\"clearfix\"><span class=\"day\">\u00c7ar\u015famba:08:30- 18:30<\/span><\/li>\n<li class=\"clearfix\"><span class=\"day\">Per\u015fembe:08:30- 18:30<\/span><\/li>\n<li class=\"clearfix\"><span class=\"day\">Cuma:08:30- 18:30<\/span><\/li>\n<li class=\"clearfix\"><span class=\"day\">Cumartesi:09:00- 17:00<\/span><\/li>\n<li class=\"clearfix\">Pazar: Kapal\u0131y\u0131z<\/li>\n<\/ul>\n<h3>Yaz\u0131\u015fma Adresimiz<\/h3>\n<p class=\"inner-right-md\">Her t\u00fcrl\u00fc soru ve sorunlar\u0131n\u0131z i\u00e7in bize yazabilirsiniz\u00a0 :<\/p>\n<p class=\"inner-right-md\"><a href=\"mailto:info@dogan-otomotiv.com\">info@dogan-otomotiv.com<\/a><\/p>\n<h3>Bizi aray\u0131n<\/h3>\n<p>+90 533 322 16 09[\/vc_column_text][\/vc_column][\/vc_row]<\/p>\n<\/div>","protected":false},"excerpt":{"rendered":"<p>[vc_row full_width=&#8221;stretch_row_content_no_spaces&#8221;][vc_column][vc_gmaps link=&#8221;#E-8_JTNDaWZyYW1lJTIwc3JjJTNEJTIyaHR0cHMlM0ElMkYlMkZ3d3cuZ29vZ2xlLmNvbSUyRm1hcHMlMkZlbWJlZCUzRnBiJTNEJTIxMW0xOCUyMTFtMTIlMjExbTMlMjExZDMwNTYuNjMwNzk2MzM3ODEyJTIxMmQzMi43MzgxOTg3MTUzODMxMyUyMTNkMzkuOTk0MzU1Mzc5NDE2MzglMjEybTMlMjExZjAlMjEyZjAlMjEzZjAlMjEzbTIlMjExaTEwMjQlMjEyaTc2OCUyMTRmMTMuMSUyMTNtMyUyMTFtMiUyMTFzMHgwJTI1M0EweDY0MGRiNTJiMjUzNTZkMzMlMjEyc0RvJTI1QzQlMjU5RmFuJTI1MjBPdG9tb3RpdiUyMTVlMCUyMTNtMiUyMTFzdHIlMjEyc3RyJTIxNHYxNTgwMjEwMjQ0MjI5JTIxNW0yJTIxMXN0ciUyMTJzdHIlMjIlMjB3aWR0aCUzRCUyMjYwMCUyMiUyMGhlaWdodCUzRCUyMjUxNCUyMiUyMGZyYW1lYm9yZGVyJTNEJTIyMCUyMiUyMHN0eWxlJTNEJTIyYm9yZGVyJTNBMCUzQiUyMiUyMGFsbG93ZnVsbHNjcmVlbiUzRCUyMiUyMiUzRSUzQyUyRmlmcmFtZSUzRQ==&#8221;][\/vc_column][\/vc_row][vc_row][vc_column width=&#8221;2\/3&#8243;][vc_column_text] Her zaman bize ula\u015fabilirsiniz Formu doldurarak bizden detayl\u0131 bilgi isteyebilirsiniz. \u0130yi g\u00fcnler dileriz.[\/vc_column_text][\/vc_column][vc_column width=&#8221;1\/3&#8243;][vc_column_text] \u0130\u015f adresimiz \u0130vedik Organize Sanayi,1471.Sokak 91\/A Ostim 06378 Yenimahalle\/ Ankara \u00c7al\u0131\u015fma Saatlerimiz<\/p>\n","protected":false},"author":1,"featured_media":0,"parent":0,"menu_order":0,"comment_status":"closed","ping_status":"closed","template":"","meta":{"_joinchat":[],"footnotes":""},"class_list":["post-43","page","type-page","status-publish","hentry"],"_links":{"self":[{"href":"https:\/\/www.dogan-otomotiv.com\/index.php\/wp-json\/wp\/v2\/pages\/43","targetHints":{"allow":["GET"]}}],"collection":[{"href":"https:\/\/www.dogan-otomotiv.com\/index.php\/wp-json\/wp\/v2\/pages"}],"about":[{"href":"https:\/\/www.dogan-otomotiv.com\/index.php\/wp-json\/wp\/v2\/types\/page"}],"author":[{"embeddable":true,"href":"https:\/\/www.dogan-otomotiv.com\/index.php\/wp-json\/wp\/v2\/users\/1"}],"replies":[{"embeddable":true,"href":"https:\/\/www.dogan-otomotiv.com\/index.php\/wp-json\/wp\/v2\/comments?post=43"}],"version-history":[{"count":13,"href":"https:\/\/www.dogan-otomotiv.com\/index.php\/wp-json\/wp\/v2\/pages\/43\/revisions"}],"predecessor-version":[{"id":12000,"href":"https:\/\/www.dogan-otomotiv.com\/index.php\/wp-json\/wp\/v2\/pages\/43\/revisions\/12000"}],"wp:attachment":[{"href":"https:\/\/www.dogan-otomotiv.com\/index.php\/wp-json\/wp\/v2\/media?parent=43"}],"curies":[{"name":"wp","href":"https:\/\/api.w.org\/{rel}","templated":true}]}}